{"id":3987,"date":"2017-10-16T14:08:49","date_gmt":"2017-10-16T11:08:49","guid":{"rendered":"http:\/\/www.daio.web.tr\/?page_id=3987"},"modified":"2019-11-13T18:09:14","modified_gmt":"2019-11-13T15:09:14","slug":"e-ticaret-sitesi-tasarimi","status":"publish","type":"page","link":"https:\/\/www.daio.web.tr\/rsm\/e-ticaret-sitesi-tasarimi","title":{"rendered":"E-Ticaret Sitesi Tasar\u0131m\u0131"},"content":{"rendered":"<p><a href=\"tel:02242213246\" rel=\"lightbox\"><img fetchpriority=\"high\" decoding=\"async\" class=\"alignnone size-full wp-image-3991\" src=\"http:\/\/www.daio.web.tr\/wp-content\/uploads\/2017\/10\/bursa-eticaret-sitesi.jpg\" alt=\"\" width=\"819\" height=\"361\" srcset=\"https:\/\/www.daio.web.tr\/rsm\/wp-content\/uploads\/2017\/10\/bursa-eticaret-sitesi.jpg 819w, https:\/\/www.daio.web.tr\/rsm\/wp-content\/uploads\/2017\/10\/bursa-eticaret-sitesi-300x132.jpg 300w, https:\/\/www.daio.web.tr\/rsm\/wp-content\/uploads\/2017\/10\/bursa-eticaret-sitesi-768x339.jpg 768w\" sizes=\"(max-width: 819px) 100vw, 819px\" \/><\/a><\/p>\n<p>G\u00fcn\u00fcm\u00fczde firmalar m\u00fc\u015fterilerinin yar\u0131s\u0131ndan \u00e7o\u011funu internetten buluyor. Sizde e-ticaret sitesi a\u00e7arak hemen \u00fcr\u00fcn ve hizmetlerinizi online satmaya ba\u015flayabilirsiniz. T\u00fcm \u00fcr\u00fcnlerinizi sadece bulundu\u011funuz \u015fehre de\u011fil t\u00fcm d\u00fcnyaya satabilir firman\u0131z\u0131 b\u00fcy\u00fctebilirsiniz.<\/p>\n<p>E-ticaret siteleri sekt\u00f6rel farkl\u0131l\u0131klar g\u00f6sterselerde genel manada temelde ayn\u0131 i\u015fleve sahiptirler. \u00dcr\u00fcnlerinizi girersiniz, sitenize giren ki\u015filer \u00fcr\u00fcnlerinizi kredi kart\u0131yla ya da kap\u0131da \u00f6deme ile sat\u0131n al\u0131rlar. Bunun i\u00e7in tabiki reklam ve tan\u0131t\u0131m olmazsa olmazd\u0131r. DAIO \u0130nteraktif Hizmetler olarak bu konuda da yan\u0131n\u0131zday\u0131z.<\/p>\n<p>Anahtar teslim e-ticaret sitelerinde alt yap\u0131n\u0131z\u0131 haz\u0131lay\u0131p e-ticaret sitenizi yay\u0131na al\u0131yoruz. Ayr\u0131ca sonras\u0131nda \u00fcr\u00fcn ve kategori sayfalar\u0131n\u0131z\u0131 optimize ediyor sizlere \u00fccretsiz Google reklam deste\u011fi sa\u011fl\u0131yoruz. Sadece 2 g\u00fcn i\u00e7erisinde siteniz haz\u0131r! Tamamiyle mobil uyumlu ve kontrol panelli yeni nesil e-ticaret sitesi sahibi olmak i\u00e7in bize ula\u015f\u0131n. 0224 221 32 46 numaral\u0131 telefonu arayarak ya da yandaki formlar arac\u0131l\u0131\u011f\u0131yla bize ula\u015fabilirsiniz.<\/p>\n<h3>E-T\u0130CARET PAKETLER\u0130M\u0130Z (Fiyatlar Y\u0131ll\u0131k Kiralama Fiyatlar\u0131d\u0131r)<\/h3>\n<p>Fiyat i\u00e7in ileti\u015fime ge\u00e7iniz.<\/p>\n","protected":false},"excerpt":{"rendered":"<p>G\u00fcn\u00fcm\u00fczde firmalar m\u00fc\u015fterilerinin yar\u0131s\u0131ndan \u00e7o\u011funu internetten buluyor. Sizde e-ticaret sitesi a\u00e7arak hemen \u00fcr\u00fcn ve hizmetlerinizi online satmaya ba\u015flayabilirsiniz. T\u00fcm \u00fcr\u00fcnlerinizi sadece bulundu\u011funuz \u015fehre de\u011fil t\u00fcm d\u00fcnyaya satabilir firman\u0131z\u0131 b\u00fcy\u00fctebilirsiniz. E-ticaret siteleri sekt\u00f6rel farkl\u0131l\u0131klar g\u00f6sterselerde genel manada temelde ayn\u0131 i\u015fleve sahiptirler. \u00dcr\u00fcnlerinizi girersiniz, sitenize giren ki\u015filer \u00fcr\u00fcnlerinizi kredi kart\u0131yla ya da kap\u0131da \u00f6deme ile sat\u0131n al\u0131rlar. [&hellip;]<\/p>\n","protected":false},"author":1,"featured_media":0,"parent":0,"menu_order":0,"comment_status":"closed","ping_status":"closed","template":"","meta":{"footnotes":""},"class_list":["post-3987","page","type-page","status-publish","hentry"],"aioseo_notices":[],"_links":{"self":[{"href":"https:\/\/www.daio.web.tr\/rsm\/wp-json\/wp\/v2\/pages\/3987","targetHints":{"allow":["GET"]}}],"collection":[{"href":"https:\/\/www.daio.web.tr\/rsm\/wp-json\/wp\/v2\/pages"}],"about":[{"href":"https:\/\/www.daio.web.tr\/rsm\/wp-json\/wp\/v2\/types\/page"}],"author":[{"embeddable":true,"href":"https:\/\/www.daio.web.tr\/rsm\/wp-json\/wp\/v2\/users\/1"}],"replies":[{"embeddable":true,"href":"https:\/\/www.daio.web.tr\/rsm\/wp-json\/wp\/v2\/comments?post=3987"}],"version-history":[{"count":5,"href":"https:\/\/www.daio.web.tr\/rsm\/wp-json\/wp\/v2\/pages\/3987\/revisions"}],"predecessor-version":[{"id":4165,"href":"https:\/\/www.daio.web.tr\/rsm\/wp-json\/wp\/v2\/pages\/3987\/revisions\/4165"}],"wp:attachment":[{"href":"https:\/\/www.daio.web.tr\/rsm\/wp-json\/wp\/v2\/media?parent=3987"}],"curies":[{"name":"wp","href":"https:\/\/api.w.org\/{rel}","templated":true}]}}