{"id":3418,"date":"2017-04-25T23:36:54","date_gmt":"2017-04-25T20:36:54","guid":{"rendered":"http:\/\/www.daio.web.tr\/demo\/?page_id=3418"},"modified":"2025-02-11T11:46:04","modified_gmt":"2025-02-11T08:46:04","slug":"kurumsal-web-tasarim","status":"publish","type":"page","link":"https:\/\/www.daio.web.tr\/rsm\/kurumsal-web-tasarim","title":{"rendered":"Kurumsal Bursa Web Tasar\u0131m"},"content":{"rendered":"<p>Bursa web tasar\u0131m ajans\u0131 <strong>RSM Dijital<\/strong> olarak 10 y\u0131l\u0131 a\u015fk\u0131n s\u00fcredir y\u00fczlerce kurumsal web sitesi yapt\u0131k. \u00d6zellikle Bursa&#8217;da web tasar\u0131m ve e-ticaret konusunda hizmet verdi\u011fimiz firmalar\u0131m\u0131z\u0131n b\u00fcy\u00fcmelerine tan\u0131kl\u0131k ettik. Bizim i\u00e7in esas olan \u00f6ncelikle m\u00fc\u015fterilerimizden para kazanmaktan \u00e7ok onlara nas\u0131l para kazand\u0131rabiliriz olmu\u015ftur. G\u00fcven odakl\u0131 \u00e7al\u0131\u015fmalar\u0131m\u0131zda m\u00fc\u015fterilerimizin Google s\u0131ralamalar\u0131na, sosyal medya itibarlar\u0131na katk\u0131lar sa\u011flayarak interaktif varl\u0131klar\u0131n\u0131 iyile\u015ftirdik.<\/p>\n","protected":false},"excerpt":{"rendered":"<p>Bursa web tasar\u0131m ajans\u0131 RSM Dijital olarak 10 y\u0131l\u0131 a\u015fk\u0131n s\u00fcredir y\u00fczlerce kurumsal web sitesi yapt\u0131k. \u00d6zellikle Bursa&#8217;da web tasar\u0131m ve e-ticaret konusunda hizmet verdi\u011fimiz firmalar\u0131m\u0131z\u0131n b\u00fcy\u00fcmelerine tan\u0131kl\u0131k ettik. Bizim i\u00e7in esas olan \u00f6ncelikle m\u00fc\u015fterilerimizden para kazanmaktan \u00e7ok onlara nas\u0131l para kazand\u0131rabiliriz olmu\u015ftur. G\u00fcven odakl\u0131 \u00e7al\u0131\u015fmalar\u0131m\u0131zda m\u00fc\u015fterilerimizin Google s\u0131ralamalar\u0131na, sosyal medya itibarlar\u0131na katk\u0131lar sa\u011flayarak interaktif [&hellip;]<\/p>\n","protected":false},"author":1,"featured_media":4645,"parent":0,"menu_order":0,"comment_status":"closed","ping_status":"closed","template":"","meta":{"footnotes":""},"class_list":["post-3418","page","type-page","status-publish","has-post-thumbnail","hentry"],"aioseo_notices":[],"_links":{"self":[{"href":"https:\/\/www.daio.web.tr\/rsm\/wp-json\/wp\/v2\/pages\/3418","targetHints":{"allow":["GET"]}}],"collection":[{"href":"https:\/\/www.daio.web.tr\/rsm\/wp-json\/wp\/v2\/pages"}],"about":[{"href":"https:\/\/www.daio.web.tr\/rsm\/wp-json\/wp\/v2\/types\/page"}],"author":[{"embeddable":true,"href":"https:\/\/www.daio.web.tr\/rsm\/wp-json\/wp\/v2\/users\/1"}],"replies":[{"embeddable":true,"href":"https:\/\/www.daio.web.tr\/rsm\/wp-json\/wp\/v2\/comments?post=3418"}],"version-history":[{"count":78,"href":"https:\/\/www.daio.web.tr\/rsm\/wp-json\/wp\/v2\/pages\/3418\/revisions"}],"predecessor-version":[{"id":4646,"href":"https:\/\/www.daio.web.tr\/rsm\/wp-json\/wp\/v2\/pages\/3418\/revisions\/4646"}],"wp:featuredmedia":[{"embeddable":true,"href":"https:\/\/www.daio.web.tr\/rsm\/wp-json\/wp\/v2\/media\/4645"}],"wp:attachment":[{"href":"https:\/\/www.daio.web.tr\/rsm\/wp-json\/wp\/v2\/media?parent=3418"}],"curies":[{"name":"wp","href":"https:\/\/api.w.org\/{rel}","templated":true}]}}