{"id":3306,"date":"2017-02-17T11:30:57","date_gmt":"2017-02-17T09:30:57","guid":{"rendered":"http:\/\/www.daio.web.tr\/demo\/?page_id=3306"},"modified":"2024-03-21T12:25:27","modified_gmt":"2024-03-21T09:25:27","slug":"site-guncelleme","status":"publish","type":"page","link":"https:\/\/www.daio.web.tr\/rsm\/site-guncelleme","title":{"rendered":"S\u0130TE G\u00dcNCELLEME"},"content":{"rendered":"<h2 class=\"contentheading\">Web Sitesi G\u00fcncelleme<\/h2>\n<p><strong><img decoding=\"async\" class=\"size-full wp-image-3307 alignleft\" src=\"http:\/\/www.daio.web.tr\/wp-content\/uploads\/2017\/02\/web-sitesi-guncelleme.jpg\" alt=\"site g\u00fcncelleme\" width=\"230\" height=\"130\" \/>Web sitesi g\u00fcncelleme\u00a0<\/strong>\u00e7ok \u00f6nemlidir. Bir web siteniz olabilir ancak g\u00fcncellenmiyorsa \u00f6zellikle arama motorlar\u0131 taraf\u0131ndan ilk sayfadan d\u00fc\u015f\u00fcr\u00fcl\u00fcr. Hal b\u00f6yle olunca web siteniz a\u00e7\u0131lma amac\u0131na hizmet edemez, yani firman\u0131z\u0131, \u00fcr\u00fcn ve hizmetlerinizi potansiyel m\u00fc\u015fterilerinize duyuramazs\u0131n\u0131z.<\/p>\n<p>Web siteniz \u00e7ok eski ise g\u00fcncelleme topyek\u00fcn yap\u0131lmal\u0131d\u0131r. Hem tasar\u0131m\u0131 hem alt yap\u0131s\u0131 hemde i\u00e7erikleri yenilenmelidir. Tasar\u0131m konusunda g\u00fcncelleme ihtiyac\u0131n\u0131z yoksa e\u011fer i\u00e7eri\u011fin g\u00fcncellenmesi yeterli olacakt\u0131r. G\u00fcn\u00fcm\u00fczde yeni yap\u0131lan neredeyse t\u00fcm siteler g\u00fcncellemeye imkan veren paneller \u00fczerine kurulur. Yapman\u0131z gereken sadece zaman ay\u0131r\u0131p sitenizin sayfalar\u0131n\u0131 d\u00f6nem d\u00f6nem yenilemektir. Ayr\u0131ca s\u0131k s\u0131k ana sayfada yer alacak \u015fekilde \u00fcr\u00fcn ve hizmetlerinizle ilgili geli\u015fmeleri de ziyaret\u00e7ilerinizle payla\u015fman\u0131z iyi olacakt\u0131r.<\/p>\n<p>Baz\u0131 SEO \u00e7al\u0131\u015fmalar\u0131m\u0131z; <a href=\"https:\/\/www.gundem1.com\/\"><strong>g\u00fcndem 1<\/strong><\/a> <strong>,\u00a0<a href=\"https:\/\/www.hemenservis.net\/bursa-sofben-servisi\/\">bursa \u015fofben servisi<\/a><\/strong>\u00a0,\u00a0<a href=\"https:\/\/www.hayalperestboncuk.com.tr\/gelin-buketi\"><strong>gelin \u00e7i\u00e7e\u011fi<\/strong><\/a>\u00a0,\u00a0<strong><a href=\"https:\/\/www.cagrihacumre.com\/yasin-kitaplari\">yasin kitaplar\u0131<\/a>\u00a0,\u00a0<a href=\"https:\/\/www.daio.web.tr\/\">daio<\/a>\u00a0,\u00a0<a href=\"https:\/\/www.hemenservis.net\/bursa-kombi-servisi\/\">bursa kombi servisi<\/a>\u00a0,\u00a0<a href=\"https:\/\/www.cagrihacumre.com\/Kadife-Kapli-Kuran-i-Kerim\">kadife kuran<\/a>\u00a0,\u00a0<a href=\"https:\/\/www.nazikemese.com\/\">bursa psikolog<\/a>,\u00a0<a href=\"https:\/\/www.tanokullari.com\/\">bursa okul<\/a> ,\u00a0<a href=\"https:\/\/www.dermaclinic.com.tr\/\">cilt doktoru bursa<\/a>\u00a0,\u00a0<a href=\"https:\/\/www.sedaisitme.com.tr\/\">Bursa \u0130\u015fitme Cihaz\u0131<\/a>\u00a0,\u00a0<a href=\"https:\/\/www.acilcozum.com\/\">acil \u00e7\u00f6z\u00fcm<\/a>\u00a0,\u00a0<a href=\"https:\/\/www.resinatekstil.com.tr\/\">resina tekstil <\/a><\/strong>Sizde aram\u0131za kat\u0131larak\u00a0hem\u00a0<strong><a href=\"https:\/\/www.daio.web.tr\/hizmetlerimiz\/google-seo\">Google SEO<\/a><\/strong>\u00a0\u00e7al\u0131\u015fmalar\u0131m\u0131zdan hem sosyal medya hesap y\u00f6netim hizmetlerimizden hem de kurumsal mobil uyumlu\u00a0<strong><a href=\"https:\/\/www.daio.web.tr\/web-tasarim\">web tasar\u0131m<\/a><\/strong>\u00a0hizmetlerimizden \u00e7ok uygun ko\u015fullarda yararlanabilirsiniz. \u0130htiyac\u0131n\u0131z olan hizmetler i\u00e7in talep formunu doldurun ve bize g\u00f6nderin sizi arayal\u0131m.<\/p>\n<p>DAIO \u0130nteraktif Hizmetler olarak<strong>\u00a0web sitesi g\u00fcncelleme<\/strong>\u00a0hizmetimizle sitenizi g\u00fcncel tutuyor sizi ziyaret\u00e7ilerinize en iyi \u015fekilde tan\u0131t\u0131yoruz. Bu hizmetimizden yararlanmak i\u00e7in bize 0224 221 32 46 numaral\u0131 telefondan ula\u015fabilirsiniz.<\/p>\n","protected":false},"excerpt":{"rendered":"<p>Web Sitesi G\u00fcncelleme Web sitesi g\u00fcncelleme\u00a0\u00e7ok \u00f6nemlidir. Bir web siteniz olabilir ancak g\u00fcncellenmiyorsa \u00f6zellikle arama motorlar\u0131 taraf\u0131ndan ilk sayfadan d\u00fc\u015f\u00fcr\u00fcl\u00fcr. Hal b\u00f6yle olunca web siteniz a\u00e7\u0131lma amac\u0131na hizmet edemez, yani firman\u0131z\u0131, \u00fcr\u00fcn ve hizmetlerinizi potansiyel m\u00fc\u015fterilerinize duyuramazs\u0131n\u0131z. Web siteniz \u00e7ok eski ise g\u00fcncelleme topyek\u00fcn yap\u0131lmal\u0131d\u0131r. Hem tasar\u0131m\u0131 hem alt yap\u0131s\u0131 hemde i\u00e7erikleri yenilenmelidir. Tasar\u0131m konusunda [&hellip;]<\/p>\n","protected":false},"author":1,"featured_media":0,"parent":0,"menu_order":0,"comment_status":"closed","ping_status":"closed","template":"","meta":{"footnotes":""},"class_list":["post-3306","page","type-page","status-publish","hentry"],"aioseo_notices":[],"_links":{"self":[{"href":"https:\/\/www.daio.web.tr\/rsm\/wp-json\/wp\/v2\/pages\/3306","targetHints":{"allow":["GET"]}}],"collection":[{"href":"https:\/\/www.daio.web.tr\/rsm\/wp-json\/wp\/v2\/pages"}],"about":[{"href":"https:\/\/www.daio.web.tr\/rsm\/wp-json\/wp\/v2\/types\/page"}],"author":[{"embeddable":true,"href":"https:\/\/www.daio.web.tr\/rsm\/wp-json\/wp\/v2\/users\/1"}],"replies":[{"embeddable":true,"href":"https:\/\/www.daio.web.tr\/rsm\/wp-json\/wp\/v2\/comments?post=3306"}],"version-history":[{"count":25,"href":"https:\/\/www.daio.web.tr\/rsm\/wp-json\/wp\/v2\/pages\/3306\/revisions"}],"predecessor-version":[{"id":4446,"href":"https:\/\/www.daio.web.tr\/rsm\/wp-json\/wp\/v2\/pages\/3306\/revisions\/4446"}],"wp:attachment":[{"href":"https:\/\/www.daio.web.tr\/rsm\/wp-json\/wp\/v2\/media?parent=3306"}],"curies":[{"name":"wp","href":"https:\/\/api.w.org\/{rel}","templated":true}]}}